{"id":904,"date":"2021-03-07T15:31:47","date_gmt":"2021-03-07T14:31:47","guid":{"rendered":"http:\/\/miodna.pl\/?page_id=904"},"modified":"2021-03-07T15:34:47","modified_gmt":"2021-03-07T14:34:47","slug":"o-nas","status":"publish","type":"page","link":"http:\/\/miodna.pl\/?page_id=904","title":{"rendered":"O nas"},"content":{"rendered":"<div class=\"elementor-element elementor-element-4bc711d elementor-icon-list--layout-traditional elementor-widget elementor-widget-icon-list\" data-id=\"4bc711d\" data-element_type=\"widget\" data-widget_type=\"icon-list.default\">\n<div class=\"elementor-widget-container\">\n<ul class=\"elementor-icon-list-items\">\n<li class=\"elementor-icon-list-item\"><strong><span class=\"elementor-icon-list-text\">Dzia\u0142ania na\u00a0rzecz ekologii, oraz\u00a0ochrony dziedzictwa przyrodniczego<\/span><\/strong><\/li>\n<li class=\"elementor-icon-list-item\"><strong><i class=\"fas fa-check\" aria-hidden=\"true\"><\/i> <span class=\"elementor-icon-list-text\">Prowadzenie warsztat\u00f3w edukacyjnych dla dzieci i\u00a0doros\u0142ych<\/span><\/strong><\/li>\n<li class=\"elementor-icon-list-item\"><strong><span class=\"elementor-icon-list-text\">Podnoszenie \u015bwiadomo\u015bci ekologicznej mieszka\u0144c\u00f3w powiatu Opatowskiego<br \/>\n<\/span><\/strong><\/li>\n<li class=\"elementor-icon-list-item\"><strong><i class=\"fas fa-check\" aria-hidden=\"true\"><\/i> <span class=\"elementor-icon-list-text\">Promocja tradycyjnego pszczelarstwa i\u00a0produkt\u00f3w pszczelich przez\u00a0udzia\u0142 w\u00a0lokalnych wydarzeniach kulturalno \u2013 o\u015bwiatowych<\/span><\/strong><\/li>\n<li class=\"elementor-icon-list-item\"><strong><i class=\"fas fa-check\" aria-hidden=\"true\"><\/i> <span class=\"elementor-icon-list-text\">Wspieranie wiedz\u0105 wszystkich zainteresowanych za\u0142o\u017ceniem pasieki.<\/span><\/strong><\/li>\n<\/ul>\n<\/div>\n<\/div>\n<div class=\"elementor-element elementor-element-4702181 elementor-widget elementor-widget-text-editor\" data-id=\"4702181\" data-element_type=\"widget\" data-widget_type=\"text-editor.default\">\n<div class=\"elementor-widget-container\"><\/div>\n<\/div>\n<div class=\"elementor-element elementor-element-083197e elementor-icon-list--layout-traditional elementor-widget elementor-widget-icon-list\" data-id=\"083197e\" data-element_type=\"widget\" data-widget_type=\"icon-list.default\">\n<div class=\"elementor-widget-container\">\n<ul class=\"elementor-icon-list-items\">\n<li class=\"elementor-icon-list-item\"><strong><span class=\"elementor-icon-list-text\">Organizuje warsztaty z zakresu ekologii dla przedszkoli oraz szk\u00f3\u0142 czy instytucji<br \/>\n<\/span><\/strong><\/li>\n<li class=\"elementor-icon-list-item\"><strong><i class=\"fas fa-check\" aria-hidden=\"true\"><\/i> <span class=\"elementor-icon-list-text\">Organizuje konferencje specjalistyczne dla os\u00f3b z\u00a0bran\u017cy pszczelarskiej<\/span><\/strong><\/li>\n<li class=\"elementor-icon-list-item\"><strong><i class=\"fas fa-check\" aria-hidden=\"true\"><\/i> <span class=\"elementor-icon-list-text\">Promuje wyroby pszczelarskie<\/span><\/strong><\/li>\n<li class=\"elementor-icon-list-item\"><strong><i class=\"fas fa-check\" aria-hidden=\"true\"><\/i> <span class=\"elementor-icon-list-text\">Promuje \u201e\u017bycie miodem s\u0142odzone\u201d <\/span><\/strong><\/li>\n<li class=\"elementor-icon-list-item\"><strong><i class=\"fas fa-check\" aria-hidden=\"true\"><\/i> <span class=\"elementor-icon-list-text\">Prezentuje sprz\u0119t specjalistyczny<\/span><\/strong><\/li>\n<\/ul>\n<\/div>\n<\/div>\n","protected":false},"excerpt":{"rendered":"<p>Dzia\u0142ania na\u00a0rzecz ekologii, oraz\u00a0ochrony dziedzictwa przyrodniczego Prowadzenie warsztat\u00f3w edukacyjnych dla dzieci i\u00a0doros\u0142ych Podnoszenie \u015bwiadomo\u015bci ekologicznej&#8230;<\/p>\n","protected":false},"author":1,"featured_media":0,"parent":0,"menu_order":0,"comment_status":"closed","ping_status":"closed","template":"","meta":{"footnotes":""},"class_list":["post-904","page","type-page","status-publish","hentry"],"_links":{"self":[{"href":"http:\/\/miodna.pl\/index.php?rest_route=\/wp\/v2\/pages\/904","targetHints":{"allow":["GET"]}}],"collection":[{"href":"http:\/\/miodna.pl\/index.php?rest_route=\/wp\/v2\/pages"}],"about":[{"href":"http:\/\/miodna.pl\/index.php?rest_route=\/wp\/v2\/types\/page"}],"author":[{"embeddable":true,"href":"http:\/\/miodna.pl\/index.php?rest_route=\/wp\/v2\/users\/1"}],"replies":[{"embeddable":true,"href":"http:\/\/miodna.pl\/index.php?rest_route=%2Fwp%2Fv2%2Fcomments&post=904"}],"version-history":[{"count":4,"href":"http:\/\/miodna.pl\/index.php?rest_route=\/wp\/v2\/pages\/904\/revisions"}],"predecessor-version":[{"id":909,"href":"http:\/\/miodna.pl\/index.php?rest_route=\/wp\/v2\/pages\/904\/revisions\/909"}],"wp:attachment":[{"href":"http:\/\/miodna.pl\/index.php?rest_route=%2Fwp%2Fv2%2Fmedia&parent=904"}],"curies":[{"name":"wp","href":"https:\/\/api.w.org\/{rel}","templated":true}]}}